{"id":107,"date":"2024-07-20T09:04:36","date_gmt":"2024-07-20T01:04:36","guid":{"rendered":"https:\/\/activatedcarbon.com.tw\/?page_id=107"},"modified":"2024-10-28T03:12:50","modified_gmt":"2024-10-28T02:12:50","slug":"carbon-activo-para-lavado-acido","status":"publish","type":"page","link":"https:\/\/activecarbon.es\/tr\/producto\/carbon-activo-para-lavado-acido\/","title":{"rendered":"Asit Y\u0131kama \u0130\u00e7in Aktif Karbon"},"content":{"rendered":"","protected":false},"excerpt":{"rendered":"","protected":false},"author":1,"featured_media":0,"parent":19,"menu_order":0,"comment_status":"closed","ping_status":"closed","template":"","meta":{"_acf_changed":false,"footnotes":""},"class_list":["post-107","page","type-page","status-publish","hentry"],"acf":[],"_links":{"self":[{"href":"https:\/\/activecarbon.es\/tr\/wp-json\/wp\/v2\/pages\/107","targetHints":{"allow":["GET"]}}],"collection":[{"href":"https:\/\/activecarbon.es\/tr\/wp-json\/wp\/v2\/pages"}],"about":[{"href":"https:\/\/activecarbon.es\/tr\/wp-json\/wp\/v2\/types\/page"}],"author":[{"embeddable":true,"href":"https:\/\/activecarbon.es\/tr\/wp-json\/wp\/v2\/users\/1"}],"replies":[{"embeddable":true,"href":"https:\/\/activecarbon.es\/tr\/wp-json\/wp\/v2\/comments?post=107"}],"version-history":[{"count":0,"href":"https:\/\/activecarbon.es\/tr\/wp-json\/wp\/v2\/pages\/107\/revisions"}],"up":[{"embeddable":true,"href":"https:\/\/activecarbon.es\/tr\/wp-json\/wp\/v2\/pages\/19"}],"wp:attachment":[{"href":"https:\/\/activecarbon.es\/tr\/wp-json\/wp\/v2\/media?parent=107"}],"curies":[{"name":"wp","href":"https:\/\/api.w.org\/{rel}","templated":true}]}}

Asit Yıkama İçin Aktif Karbon
